0*d + 3*d, -4*d + 254 = w*q. What are the prime factors of q?
11
Let f be (-2 + -1 + -2)*(-1 + 2). Let j be (-1)/f + (-528)/(-10). Suppose 2*w + 4*r = 3*w - j, 4*r = 5*w - 249. What are the prime factors of w?
7
Let f = 22 + -12. Suppose -4*h = -t + f, 4*t - 5*h - 11 - 7 = 0. Suppose 5*p - 235 = 5*o, -t*p = -0*p + o - 82. What are the prime factors of p?
43
Suppose -69*c + 1331380 = -420806. List the prime factors of c.
2, 12697
Let h = -9852 - -18388. List the prime factors of h.
2, 11, 97
Suppose 18*a - 51*a + 357305 = -10*a. List the prime factors of a.
5, 13, 239
Let w be (-280)/(-3) + 2/3. Suppose -1713 - 9135 = -12*b. Suppose -w = 9*a - b. What are the prime factors of a?
2, 3, 5
What are the prime factors of (-415367)/(-31) - (24219/837 + -29)?
13399
Suppose 0 = -5*u - 8 + 28. Suppose -510 = -u*n - n. Suppose -386 = -4*c - n. What are the prime factors of c?
71
Let p(r) be the second derivative of -583*r**5/20 - r**4/6 - r**3/3 - 5*r - 8. What are the prime factors of p(-1)?
11, 53
Let a(p) = -72*p - 1. Let n = -177 + 126. Let m = 49 + n. List the prime factors of a(m).
11, 13
Suppose o - 3439 = -5*l, 0 = 2*o - 3*l - 6130 - 657. List the prime factors of o.
2, 23, 37
Suppose -1 = 4*x - 3*o, -5*x = -7*x + 5*o - 11. List the prime factors of x - 0 - 600/(-5).
2, 61
Let z = 147 + -126. Suppose -4*y = 17 - z. List the prime factors of (-4)/((-12)/645) - (y - 0).
2, 107
Let d(o) be the first derivative of -o**2/2 - 35*o + 18. Let w be d(0). Let g = -12 - w. What are the prime factors of g?
23
Let a(l) = l**3 + 5*l**2 + 8*l + 9. Let v be a(-6). Let q = 87 + v. What are the prime factors of q?
2, 3
Let n(a) = -a**2 + 7*a + 9. Let i be n(6). Suppose v - i = -13. Suppose 86 - 16 = v*w. List the prime factors of w.
5, 7
Suppose 4*m = 12*m - 24. What are the prime factors of 11/(22/750) - m?
2, 3, 31
Suppose 4*l = 3*i - 260057, -2*i + 149333 = 4*l - 24065. What are the prime factors of i?
3, 11, 37, 71
List the prime factors of 14*-5*(-5)/(10/26).
2, 5, 7, 13
Let d(m) = -m**3 + 106*m**2 - 565*m + 111. What are the prime factors of d(98)?
3, 17, 47
Suppose 25 = 3*m - q + 3*q, -3*q = -5*m + 67. Suppose 338 = -m*l + 1317. Let v = -80 + l. List the prime factors of v.
3
Let u = 41 + -38. Suppose 6*r - u*r = 2457. Suppose 15*i - 8*i = r. What are the prime factors of i?
3, 13
Let p(x) = -45*x**3 + x + 1. Let v be p(-1). Suppose v = 4*j - 655. List the prime factors of j.
5, 7
Suppose 4*x - 3*u = 4087, -4*x - u = x - 5104. Let o = 1525 - x. What are the prime factors of o?
2, 3, 7
Let k(d) be the second derivative of d**4/3 - 7*d**3/2 + 10*d**2 + 20*d. Let c(o) be the first derivative of k(o). List the prime factors of c(17).
5, 23
Suppose -2*n + 3*t - 344 = -0*t, -4*n - 684 = -4*t. Let y = 663 + n. List the prime factors of y.
2, 13, 19
Let n be (-36)/24*(-8)/(-6) + -177. Let z = n - -500. List the prime factors of z.
3, 107
Let s = -35 + 19. Let w be -638 - (s/(-1))/4. What are the prime factors of (-1)/2*(-9)/((-27)/w)?
107
Let p(k) be the first derivative of -7*k**5/40 + k**4/24 - 23*k**3/3 - 11. Let w(m) be the third derivative of p(m). List the prime factors of w(-3).
2
Let p(h) = 3*h**2 - 65*h + 45. What are the prime factors of p(60)?
3, 5, 463
Let b = -115 - -62. Let j = -48 - b. Suppose -j*k + 10*k = 725. What are the prime factors of k?
5, 29
Suppose -70*a + 125941 = -67*a + 2*h, -7*a - h = -293877. What are the prime factors of a?
41983
Suppose 3*p + i - 10 = 0, -3*p + 0 = 5*i + 10. Let r be (7 - 37/5)*-1*p. Suppose -3*f + 208 = -2*x, 224 = 3*f + r*x + 12. List the prime factors of f.
2, 5, 7
Let d(i) = 6*i**3 + 13*i**2 + 49*i + 114. List the prime factors of d(14).
2, 3, 13, 127
Let t(z) = 7*z**2 + 10*z - 9. Let y be t(1). Let j(h) = h**3 - 9*h**2 + 10*h - 9. Let i be j(y). Suppose i*g - g = 756. List the prime factors of g.
2, 3, 7
Let c = -37 - -41. Suppose -c*r = -2*s + s + 770, s = r + 758. List the prime factors of s.
2, 13, 29
Let w = 371 + -375. List the prime factors of (-7856)/w - (-4 - -11).
19, 103
Suppose -4*h = -4*i - 83196, -44*h + 103967 = -39*h + 2*i. What are the prime factors of h?
5, 4159
Suppose 5*c = 11*c - 24. List the prime factors of (3 + (-580)/(-12))*(c - -8).
2, 7, 11
Suppose -3*i - m - 13 = -8*i, 3*i - 5*m = 21. Suppose 3*h - r - 1315 - 1127 = 0, -1628 = -i*h + 3*r. List the prime factors of h.
2, 11, 37
Let c = -1776 - -10691. List the prime factors of c.
5, 1783
Let s be (-71 - -6)/((-2)/(40 + 0)). Suppose 3*w - 2381 + 411 = 4*x, 2*w - s = -4*x. What are the prime factors of w?
2, 3, 109
Let v = -1164 - -5896. List the prime factors of v.
2, 7, 13
Suppose 4*d - 193 = 235. Let h be (2/(-1) - -7) + -3. Suppose -d = -h*x + 29. What are the prime factors of x?
2, 17
Let u(d) = 16*d + 23. Let q be (-28)/8*(-2 - -4). Let l(w) = 33*w + 47. Let r(b) = q*u(b) + 4*l(b). List the prime factors of r(6).
3, 7
Suppose 5*v + t = 456, -v - 270 = -4*v + 3*t. Suppose -98*j = -v*j - 476. What are the prime factors of j?
2, 17
Let b = 4432 - 3691. List the prime factors of b.
3, 13, 19
Let r = 12229 + -7623. List the prime factors of r.
2, 7, 47
Let z = 31 - 8. Suppose z*p = 28*p - 25. Suppose -5*t - 23 + 333 = p*n, -182 = -3*n - t. What are the prime factors of n?
2, 3, 5
Let i = -33 - -40. Let x = 8 - i. List the prime factors of 8 + x - 4/4.
2
Suppose 0 = -4*w + 1642 + 602. Let p = w + 63. What are the prime factors of p?
2, 3, 13
Let u(x) = x**3 - 6*x**2 - 8*x - 6. Let d be u(9). Let s be 2 + (112/(-6))/((-4)/24). Let l = d - s. What are the prime factors of l?
3, 17
Let q(c) = 473*c + 359. What are the prime factors of q(14)?
3, 13, 179
Let u = 885 - 1866. Let q be (-1)/7 + u/(-7). List the prime factors of (-165)/3*(4 + q/(-25)).
2, 11
Suppose 0*j - 768583 = -49*j + 703475. List the prime factors of j.
2, 3, 1669
Let q be 1 + 904/(-28) - 2/(-7). Let h = 57 - q. Suppose -h - 8 = -2*m. What are the prime factors of m?
2, 3
Let j(x) = 1272*x**3 - 3*x**2 - 20*x + 40. What are the prime factors of j(2)?
2, 3, 7, 11
Suppose -1 = 13*n - 1. Suppose 0 = -n*x + 2*x + t - 128, -3*t - 78 = -x. Let l = 42 + x. List the prime factors of l.
2, 3
Let t(h) = -8*h + 352. Let g be t(41). Suppose -3*q - 2*a = -1296, -29*a = q - g*a - 419. List the prime factors of q.
2, 7, 31
Suppose 0 = -0*n + n - 6. Suppose 5*p = 3*h + 1428, h + h - 8 = 0. Suppose 0*v + n*v - p = 0. List the prime factors of v.
2, 3
Let y(s) be the first derivative of s**2/2 + 41*s - 59. What are the prime factors of y(-13)?
2, 7
Let o be (-20 + 16)*(-3)/((-9)/(-3)). Suppose -o*v = -0*v, 3*c - v - 1482 = 0. List the prime factors of c.
2, 13, 19
Let g(v) = -5*v + 26. Let h be g(4). What are the prime factors of 350 + (6 - 0)/h?
3, 13
Let o = -40 - -44. Suppose 12 = o*c + 4. Suppose 3*u + 204 = c*h, 8*u - 4*u = 0. What are the prime factors of h?
2, 3, 17
Let p be ((-492)/30)/((-2)/5). Let q = -42 + p. List the prime factors of (3 - 0) + (q - -17).
19
What are the prime factors of (-1)/(-9) - (-27)/((-3888)/(-2859248))?
2, 17, 73
Let f(l) = 571*l + 1332. List the prime factors of f(13).
5, 17, 103
Suppose 5 = -0*q + q - 3*j, -2*q + 2*j + 14 = 0. Let k = q - 1. Suppose k*a - 130 = 5*a. What are the prime factors of a?
5, 13
Let y = 17893 + 4900. List the prime factors of y.
23, 991
Let q(z) = 1773*z + 770 - 1775*z - 2*z**3 + 2*z**2 - 316. What are the prime factors of q(0)?
2, 227
Let m(x) = 1057*x**2 - 5*x - 10. What are the prime factors of m(-2)?
2, 7, 151
Suppose -27*l - 620 = -32*l. Let c = l + -116. Suppose 0 = -6*h + 8*h - c, t + 3*h - 60 = 0. List the prime factors of t.
2, 3
Suppose -4*c - 3*n + 26 = -0*c, -16 = -4*c + 2*n. List the prime factors of 301*(6 + 0 - c).
7, 43
Let j be 2354/8 - (-13)/(-52) - 4. Suppose j = 2*v + 2. Suppose 5*l - 3*r - 425 = 0, -l - v = -3*l - 4*r. What are the prime factors of l?
2, 41
Suppose 112*s - 16 = 108*s. Suppose 4*g - 8 = s*v - 12, v = 2*g. Suppose 5*x - 4*n - 421 = 0, -3*x + 3*n + 247 = v*n. List the prime factors of x.
3
Suppose 3*q - 450 = -g, -5*q + 7 = -13. Suppose -129*s = -127*s - g. Suppose u = 3*y - 223, u - 158 = -5*y + s. What are the prime factors of y?
3, 5
Let m(i) = -361*i**2 + i - 1. Let n be m(1). Let x = n + 254. Let d = x + 228. List the prime factors of d.
11
Let z(p) be the first derivative of -22*p + 3/2*